{"id":2941,"date":"2024-11-28T16:09:50","date_gmt":"2024-11-28T16:09:50","guid":{"rendered":"https:\/\/difusoraromaterapia.com\/producto\/mini-eteriska-oljor-diffusor-med-usb-kabel-for-aromaterapi\/"},"modified":"2024-11-28T16:09:53","modified_gmt":"2024-11-28T16:09:53","slug":"mini-eteriska-oljor-diffusor-med-usb-kabel-for-aromaterapi","status":"publish","type":"product","link":"https:\/\/difusoraromaterapia.com\/sv\/mini-eteriska-oljor-diffusor-med-usb-kabel-for-aromaterapi\/","title":{"rendered":"Mini eteriska oljor diffusor med USB-kabel f\u00f6r aromaterapi"},"content":{"rendered":"<p>Uppt\u00e4ck v\u00e5r mini eteriska oljor, ultraljud essentiell luftfuktare aromaterapi diffusor med USB-kabelanslutning. Denna kompakta diffusor sprider dina favoritdofter snabbt och effektivt, vilket skapar en avkopplande atmosf\u00e4r hemma eller p\u00e5 kontoret.<\/p>\n<p>Den eleganta designen g\u00f6r att den passar perfekt i alla milj\u00f6er, och med enkel USB-anslutning kan du enkelt placera den varsomhelst. Perfekt f\u00f6r att njuta av aromaterapi p\u00e5 spr\u00e5ng eller f\u00f6r att f\u00f6rb\u00e4ttra inomhusluften.<\/p>\n<p>\u00c4r du intresserad av att f\u00f6rvandla ditt rum med aromaterapi? Tryck p\u00e5 knappen VER PRECIO f\u00f6r mer information och f\u00f6r att k\u00f6pa din egen diffusor idag!<\/p>\n<p><a href=\"https:\/\/www.amazon.se\/dp\/B0CFX1NNXG?tag=sedif-21\" target=\"_blank\" rel=\"noopener\" class=\"boton-ver-precio\">K\u00f6p i butik<\/a><\/p>\n","protected":false},"excerpt":{"rendered":"<p>Uppt\u00e4ck v\u00e5r mini eteriska oljor, ultraljud essentiell luftfuktare aromaterapi diffusor med USB-kabelanslutning. Denna kompakta diffusor sprider dina favoritdofter snabbt och effektivt, vilket skapar en avkopplande atmosf\u00e4r hemma eller p\u00e5 kontoret.<\/p>\n<p>Den eleganta designen g\u00f6r att den passar perfekt i alla milj\u00f6er, och med enkel USB-anslutning kan du enkelt placera den varsomhelst. Perfekt f\u00f6r att njuta av aromaterapi p\u00e5 spr\u00e5ng eller f\u00f6r att f\u00f6rb\u00e4ttra inomhusluften.<\/p>\n<p>\u00c4r du intresserad av att f\u00f6rvandla ditt rum med aromaterapi? Tryck p\u00e5 knappen VER PRECIO f\u00f6r mer information och f\u00f6r att k\u00f6pa din egen diffusor idag!<\/p>\n<p><a href=\"https:\/\/www.amazon.se\/dp\/B0CFX1NNXG?tag=sedif-21\" target=\"_blank\" rel=\"noopener\" class=\"boton-ver-precio\">Se pris i butik<\/a><\/p>\n","protected":false},"featured_media":2040,"comment_status":"closed","ping_status":"open","template":"","meta":{"_acf_changed":false},"product_brand":[],"product_cat":[106],"product_tag":[],"class_list":{"0":"post-2941","1":"product","2":"type-product","3":"status-publish","4":"has-post-thumbnail","6":"product_cat-elektriska","7":"sales-flash-overlay","8":"woocommerce-text-align-center","9":"woocommerce-image-align-center","10":"do-quantity-buttons","12":"first","13":"instock","14":"product-type-simple"},"acf":[],"_links":{"self":[{"href":"https:\/\/difusoraromaterapia.com\/sv\/wp-json\/wp\/v2\/product\/2941","targetHints":{"allow":["GET"]}}],"collection":[{"href":"https:\/\/difusoraromaterapia.com\/sv\/wp-json\/wp\/v2\/product"}],"about":[{"href":"https:\/\/difusoraromaterapia.com\/sv\/wp-json\/wp\/v2\/types\/product"}],"replies":[{"embeddable":true,"href":"https:\/\/difusoraromaterapia.com\/sv\/wp-json\/wp\/v2\/comments?post=2941"}],"wp:featuredmedia":[{"embeddable":true,"href":"https:\/\/difusoraromaterapia.com\/sv\/wp-json\/wp\/v2\/media\/2040"}],"wp:attachment":[{"href":"https:\/\/difusoraromaterapia.com\/sv\/wp-json\/wp\/v2\/media?parent=2941"}],"wp:term":[{"taxonomy":"product_brand","embeddable":true,"href":"https:\/\/difusoraromaterapia.com\/sv\/wp-json\/wp\/v2\/product_brand?post=2941"},{"taxonomy":"product_cat","embeddable":true,"href":"https:\/\/difusoraromaterapia.com\/sv\/wp-json\/wp\/v2\/product_cat?post=2941"},{"taxonomy":"product_tag","embeddable":true,"href":"https:\/\/difusoraromaterapia.com\/sv\/wp-json\/wp\/v2\/product_tag?post=2941"}],"curies":[{"name":"wp","href":"https:\/\/api.w.org\/{rel}","templated":true}]}}

Mini eteriska oljor diffusor med USB-kabel för aromaterapi

<p>Upptäck vår mini eteriska oljor, ultraljud essentiell luftfuktare aromaterapi diffusor med USB-kabelanslutning. Denna kompakta diffusor sprider dina favoritdofter snabbt och effektivt, vilket skapar en avkopplande atmosfär hemma eller på kontoret.</p>
<p>Den eleganta designen gör att den passar perfekt i alla miljöer, och med enkel USB-anslutning kan du enkelt placera den varsomhelst. Perfekt för att njuta av aromaterapi på språng eller för att förbättra inomhusluften.</p>
<p>Är du intresserad av att förvandla ditt rum med aromaterapi? Tryck på knappen VER PRECIO för mer information och för att köpa din egen diffusor idag!</p>
<p><a href="https://www.amazon.se/dp/B0CFX1NNXG?tag=sedif-21" target="_blank" rel="noopener" class="boton-ver-precio">Köp i butik</a></p>

<p>Upptäck vår mini eteriska oljor, ultraljud essentiell luftfuktare aromaterapi diffusor med USB-kabelanslutning. Denna kompakta diffusor sprider dina favoritdofter snabbt och effektivt, vilket skapar en avkopplande atmosfär hemma eller på kontoret.</p>
<p>Den eleganta designen gör att den passar perfekt i alla miljöer, och med enkel USB-anslutning kan du enkelt placera den varsomhelst. Perfekt för att njuta av aromaterapi på språng eller för att förbättra inomhusluften.</p>
<p>Är du intresserad av att förvandla ditt rum med aromaterapi? Tryck på knappen VER PRECIO för mer information och för att köpa din egen diffusor idag!</p>
<p><a href="https://www.amazon.se/dp/B0CFX1NNXG?tag=sedif-21" target="_blank" rel="noopener" class="boton-ver-precio">Se pris i butik</a></p>
